. What is f(23)?
5
Let b(l) = -3081*l - 12347. Calculate b(-4).
-23
Let x(c) = 35*c**2 - 132*c - 509. What is x(6)?
-41
Let a(l) = -8*l**2 - 77*l + 34. Calculate a(-10).
4
Let u(w) = w**3 + 24*w**2 - 26*w - 592. Give u(-24).
32
Let a(l) = -49*l + 1553. What is a(30)?
83
Let a(s) = -s**2 - 18*s + 315. What is a(-31)?
-88
Let h(x) = 8*x**2 - 105*x + 24. Give h(12).
-84
Let t(g) = g**3 - 13*g**2 - 16*g + 103. Calculate t(13).
-105
Let t(s) = s**2 + 131*s - 399. Give t(-134).
3
Let c(f) = -f**2 + 300*f - 19687. Give c(203).
4
Let t(x) = -67*x + 4823. Give t(72).
-1
Let d(i) = -238*i + 13367. Calculate d(56).
39
Let s(h) = 249*h + 2886. Determine s(-12).
-102
Let d(k) = 15*k - 65. Give d(10).
85
Let u(d) = -d**3 + 19*d**2 - 50*d - 154. Give u(15).
-4
Let q(t) = 2*t**2 + 283*t + 1503. What is q(-136)?
7
Let n(q) = -q**3 - 32*q**2 - 43*q + 89. Calculate n(-29).
-1187
Let r(n) = n**2 - 31*n + 151. What is r(26)?
21
Let q(t) = -t**3 - 79*t**2 + 191*t + 8887. Give q(-80).
7
Let c(b) = b**3 - 4*b**2 + 16*b + 25. What is c(-6)?
-431
Let t(g) = 14*g**2 + 385*g + 58. Calculate t(-25).
-817
Let b(w) = w**2 - 6*w + 35. Calculate b(6).
35
Let i(v) = v**3 - 82*v**2 - 343*v - 98. What is i(86)?
-12
Let z(j) = -86*j + 675. Calculate z(8).
-13
Let i(g) = 7*g**2 + 20*g + 31. What is i(-8)?
319
Let i(g) = -16*g**3 - 80*g**2 - g - 17. Calculate i(-5).
-12
Let o(p) = 3*p**3 + 9*p**2 - p - 8. Give o(-4).
-52
Let g(p) = -p**2 - 212*p - 1231. Calculate g(-6).
5
Let x(t) = -t**3 - 15*t**2 - 8*t + 6. Determine x(-15).
126
Let o(s) = s**2 + 20*s - 42. What is o(-32)?
342
Let s(w) = -w**2 + 24*w + 1399. Determine s(-32).
-393
Let f(d) = 60*d - 1629. Calculate f(27).
-9
Let y(x) = 90*x + 3452. Give y(-38).
32
Let b(n) = -n**3 + 7*n**2 - 4*n - 29. Give b(7).
-57
Let f(w) = 47*w + 308. Determine f(-7).
-21
Let w(r) = r**2 + 13*r - 110. What is w(-17)?
-42
Let x(o) = o**3 + 7*o**2 - 20*o + 33. Give x(-10).
-67
Let f(q) = -q**3 + 3*q**2 + 73*q - 316. Determine f(5).
-1
Let a(p) = -2*p**2 + 35*p - 21. Give a(21).
-168
Let d(r) = 5*r**3 - 359*r**2 - 50*r - 1580. Determine d(72).
4
Let d(f) = f**3 - 3*f**2 - 341*f + 49. Give d(20).
29
Let n(t) = -34*t**3 + 3*t**2 - 2*t - 4. What is n(2)?
-268
Let s(a) = 74*a - 1348. What is s(14)?
-312
Let x(j) = j - 19. Calculate x(8).
-11
Let m(o) = -709*o + 6100. Determine m(8).
428
Let n(r) = 2*r**3 + 19*r**2 - 8*r - 2. Calculate n(-9).
151
Let b(p) = 531*p - 2693. Calculate b(5).
-38
Let u(i) = 11*i + 17. Determine u(-2).
-5
Let y(a) = 2061*a - 16487. Determine y(8).
1
Let q(k) = 423*k + 2115. What is q(-5)?
0
Let n(d) = 5*d**3 - 26*d**2 - 29*d + 49. What is n(-2)?
-37
Let y(p) = -3*p**3 + 20*p**2 + 31*p - 154. Calculate y(7).
14
Let o(i) = 3*i**2 + 1308*i + 3905. What is o(-3)?
8
Let j(i) = -4*i**2 + 977*i + 978. Calculate j(-1).
-3
Let m(k) = 79*k - 774. Determine m(10).
16
Let j(s) = -6*s**3 - 12*s**2 + 5*s + 9. Calculate j(-2).
-1
Let h(g) = -g**3 - 12*g**2 + 9*g + 284. Determine h(-10).
-6
Let j(c) = c**2 - 25*c + 117. What is j(15)?
-33
Let k(r) = 3*r**2 - 8*r - 34. Determine k(6).
26
Let u(i) = i**3 - 5*i**2 - 5*i + 25. Give u(5).
0
Let c(u) = u**2 - 7*u - 165. Give c(17).
5
Let l(h) = 3*h**2 + 36*h + 167. Calculate l(-9).
86
Let z(s) = s**3 - 4*s**2 + 39*s - 305. Calculate z(6).
1
Let f(g) = -g**3 - 52*g**2 + 477*g - 220. What is f(-60)?
-40
Let i(y) = -30*y + 1056. Give i(31).
126
Let v(u) = u**3 + 16*u**2 - 140*u + 21. Determine v(6).
-27
Let b(w) = -4*w**2 - 140*w - 1049. What is b(-24)?
7
Let s(m) = m**3 - 18*m**2 - 106*m + 1915. Calculate s(18).
7
Let p(c) = -c**2 + 67*c - 581. Give p(10).
-11
Let b(j) = -j**3 + 26*j**2 + 83*j - 2409. Determine b(25).
291
Let w(g) = 6*g**3 - 24*g**2 - 6. What is w(4)?
-6
Let f(j) = 410*j - 1818. What is f(4)?
-178
Let v(t) = 73*t + 5. Calculate v(0).
5
Let o(u) = -992*u + 16870. Determine o(17).
6
Let g(z) = z**3 - 87*z**2 - 336*z - 2564. Give g(91).
-16
Let t(r) = 596*r + 1822. Determine t(-3).
34
Let u(a) = a**3 - 36*a**2 + 262*a - 46. Give u(26).
6
Let x(l) = 2*l**2 - 145*l + 1545. Calculate x(13).
-2
Let k(w) = -5*w**2 - 12*w + 22. Give k(-7).
-139
Let w(m) = 12133*m + 36396. Calculate w(-3).
-3
Let n(a) = a**2 + 35*a - 601. Calculate n(13).
23
Let y(g) = -3*g**2 + 184*g - 2655. Give y(38).
5
Let r(i) = -i**3 - 109*i**2 - 613*i + 508. Determine r(-103).
-7
Let a(n) = 9*n**2 - 266*n + 164. Calculate a(29).
19
Let m(z) = 469*z - 45495. What is m(97)?
-2
Let j(d) = 98*d + 113. Calculate j(1).
211
Let x(j) = -17*j - 2108. Give x(-124).
0
Let c(d) = d**2 - 3*d - 270. Give c(17).
-32
Let b(a) = -569*a + 1716. What is b(3)?
9
Let u(o) = -o**3 + 36*o**2 - 128*o + 36. Determine u(32).
36
Let t(f) = 36*f**2 - 505*f + 27. Give t(14).
13
Let q(j) = 103*j + 151. Determine q(-8).
-673
Let q(a) = a**3 - 12*a**2 - 50*a - 7. Calculate q(15).
-82
Let u(a) = 74*a - 1552. Determine u(21).
2
Let s(j) = -j**3 - 38*j**2 + 51*j - 27. What is s(-39)?
-495
Let u(z) = -6*z + 81. Calculate u(16).
-15
Let q(k) = -k**3 + 30*k**2 - 8*k + 243. Determine q(30).
3
Let c(q) = -6*q**3 - 5*q**2 - 5*q + 5. Give c(-2).
43
Let k(w) = 238*w**2 + 8*w - 5. Give k(1).
241
Let d(m) = -7222*m - 72215. What is d(-10)?
5
Let j(d) = -120*d**2 - 3*d - 5. Calculate j(-2).
-479
Let a(v) = v**2 - 12*v - 75. What is a(21)?
114
Let z(n) = n**2 + 658*n - 8711. Calculate z(13).
12
Let x(s) = -s**3 + 51*s**2 - 203*s + 748. Determine x(47).
43
Let b(h) = 11*h - 95. Give b(18).
103
Let s(o) = -454*o - 1380. Give s(-3).
-18
Let k(l) = l**3 - l + 22. Give k(-5).
-98
Let f(d) = 856*d - 74. Calculate f(0).
-74
Let y(r) = 698*r - 80970. Determine y(116).
-2
Let g(k) = 301*k + 1801. Determine g(-6).
-5
Let i(n) = -n**3 - 32*n**2 - 58*n + 55. What is i(-30)?
-5
Let p(u) = 7*u - 195. Calculate p(12).
-111
Let q(x) = 6*x + 65. Determine q(-9).
11
Let l(j) = 2*j**2 + 950*j - 14719. What is l(15)?
-19
Let s(u) = -468*u - 7456. Give s(-16).
32
Let w(v) = -v**3 - 14*v**2 + 3*v + 282. Calculate w(-13).
74
Let p(r) = r**3 - r**2 - 28*r + 24. Give p(-6).
-60
Let r(z) = -454*z**2 - 3177*z + 11. Determine r(-7).
4
Let v(o) = o**3 - 10*o**2 + 53*o - 294. What is v(8)?
2
Let b(d) = -76*d + 344. Calculate b(5).
-36
Let o(w) = w**3 - 120*w**2 + 3*w - 363. Give o(120).
-3
Let l(h) = -h + 59. Determine l(-2).
61
Let v(s) = 456*s + 1819. What is v(-4)?
-5
Let f(t) = -t**3 - 15*t**2 - 163*t - 703. What is f(-6)?
-49
Let r(u) = -210*u**2 + 3781*u + 34. Determine r(18).
52
Let p(z) = 13*z - 71. Give p(7).
20
Let v(d) = d**2 + 41*d + 228. Calculate v(-34).
-10
Let z(m) = -4*m - 108. Calculate z(-7).
-80
Let r(k) = -2*k**3 - 16*k**2 - 34*k - 16. Give r(-5).
4
Let d(u) = -2*u**2 - 6*u + 25. Determine d(0).
25
Let r(v) = 2*v**2 - 49*v + 50. Give r(24).
26
Let h(i) = i**2 - 160*i - 5. Give h(160).
-5
Let a(c) = 2*c**2 + 22*c + 80. What is a(-9)?
44
Let j(p) = p**2 - 28*p - 1994. What is j(-34)?
114
Let i(j) = 3*j**2 - 16*j - 79. Calculate i(-3).
-4
Let m(q) = 18*q + 546. Give m(-30).
6
Let i(y) = -3*y**2 + 6*y + 8. What is i(7)?
-97
Let s(m) = -1595*m + 23922. Give s(15).
-3
Let p(j) = j**2 + 4*j - 8065. Calculate p(88).
31
Let u(h) = 3*h**3 - 206*h**2 - 30*h - 2700. Give u(69).
-9
Let m(i) = -1247*i - 8913. Give m(-7).
-184
Let h(o) = o**3 + 3*o**2 - 10*o + 96. Determine h(-7).
-30
Let u(v) = -v**2 + 127*v - 627. Give u(5).
-17
Let v(q) = q**2 - 21*q + 4. Determine v(30).
274
Let j(v) = 4*v + 474. What is j(-118)?
2
Let s(h) = -h**2 + 95*h - 413. Give s(5).
37
Let h(c) = c**3 - 30*c**2 + 32*c - 18. Give h(29).
69
Let d(n) = -n**3 - 20*n**2 + 64*n - 770. Calculate d(-24).
-2
Let z(s) = -s**2 - 1234*s - 12259. Determine z(-10).
-19
Let h(u) = 9*u**2 - 169*u - 78. Calculate h(19).
-40
Let v(c) = -c**2 - 142*c - 2361. What is v(-18)?
-129
Let a(b) = -13*b**2 + 363*b + 18. Give a(28).
-10
Let b(x) = -x**2 + 25*x + 124. What is b(14)?
278
Let f(c) = -3*c**3 + 40*c**2 - 88*c + 17. What is f(11)?
-104
Let l(m) = -13*m - 167. What is l(-22)?
119
Let s(k) = k**3 + 5*k**2 + 3*k + 3. What is s(-3)?
12
Let o(a) = 38*a - 1051. Give o(31).
127
Let n(p) = 12*p**3 - 20*p**2 + 2*p - 4. Calculate n(2).
16
Let t(q) = 2*q**2 - 68*q - 1597. Determine t(50).
3
Let b(u) = u**2 + 75*u - 2887. Calculate b(-103).
-3
Let u(f) = -10*f**2 - 58*f - 34. Give u(-5).
6
Let p(v) = v**3 - 21*v**2 + 77*v - 22. Calcu